. Let q(h) = 9*h**2 + h + 2. Let l(a) = -4*q(a) - 5*z(a). What is l(-4)?
2
Let i(l) = l**2 + l - 1. Let d be -1 - -5 - (2 + 2 + -2). What is i(d)?
5
Let f(d) = -d**3 - 6*d**2 + 7*d - 5. Let c = 178 - 185. What is f(c)?
-5
Let v(j) be the first derivative of -j**5/60 - j**4/24 + j**3/6 - 10*j**2 + 8. Let d(m) be the second derivative of v(m). Give d(-2).
-1
Let c = 18 - 10. Suppose m - 2*j + c = 0, m - j = -4*j + 17. Let h(u) = 8 - 3 - 5*u**m + 3*u**2 - 5*u - u. Determine h(-5).
-15
Let t(w) = 5 - w**3 + 4 - 9*w**2 + 9*w**2. Let d(a) = -5*a + 24. Let s be d(-6). Let l = s + -54. Give t(l).
9
Let r(w) = w**2 - 15*w + 3. Suppose -2*y = 4*u - u - 43, u + 3*y - 12 = 0. Calculate r(u).
3
Suppose 1 = -a + 3. Suppose 0 = 4*u + 3*t + 9, -2*u - 5*t - 3 = 12. Let p(x) = 3 - a*x + u - 1. Determine p(-5).
12
Let m = -9 - -9. Let b = m + -2. Let q(h) be the first derivative of -h**4/2 - 2*h**3/3 + 3*h**2/2 + 2*h + 1. Determine q(b).
4
Let l(k) be the third derivative of -k**5/60 - k**4/3 + k**3 - 75*k**2. Give l(-9).
-3
Let v be (0 - -10)/(-3 - (-2 - 0)). Let z(t) = -t**2 - 10*t - 4. Let o be z(v). Let y(q) = -q + 4. What is y(o)?
8
Let y(c) be the first derivative of -c**5/20 + c**4/3 - 2*c**3/3 - c**2/2 - 14*c + 11. Let u(g) be the first derivative of y(g). Let n = 7 + -4. Determine u(n).
-4
Let q(j) = j**3 + 5*j**2 - 6*j - 4. Let d be q(-6). Let a(h) = 10*h. Calculate a(d).
-40
Let s(w) = 7*w - 1. Suppose 11*c - 2*o = 8*c + 274, -5*c + o + 466 = 0. Suppose 4*m - 98 = -c. Give s(m).
6
Let z = -596 - -586. Let h(r) = r**3 + 11*r**2 + 11*r - 1. What is h(z)?
-11
Let w(r) = 2*r. Let z(n) = 12*n + 19. Let k(v) = -4*w(v) + z(v). What is k(-6)?
-5
Let d be (-4 + -3)/7 + 2. Let h(l) = -13*l**2 - 1. Calculate h(d).
-14
Let c(g) = 2*g**2 + g - 1. Let d(o) = 20*o - 41*o + 20*o. Let t(z) = -c(z) - 2*d(z). Calculate t(-1).
-2
Suppose -3*r + 4 - 7 = 2*l, 2 = l - 2*r. Let f(w) = 3*w**2 + 3*w + 72. Let t(y) = y**2 + y + 25. Let b(i) = -6*f(i) + 17*t(i). Calculate b(l).
-7
Let n be (4*4)/1 - 2. Let r(k) = 11*k - k**2 + k**2 + n + 6*k**3 + 2*k**2. Let b(g) = 5*g**3 + 3*g**2 + 10*g + 13. Let y(c) = -5*b(c) + 4*r(c). Calculate y(-6).
-9
Let u(t) = t**3 - 4*t**2 + 3*t - 3. Let g be (-208)/(-72) - (-2)/18. Calculate u(g).
-3
Let y = 37 - 48. Let o = 13 + y. Let p(h) = h - 3. Determine p(o).
-1
Suppose 20 = 17*v - 14. Let l(w) = -w**v - 3 + 2*w**2 - 36*w + 34*w. Calculate l(4).
5
Let f(g) be the second derivative of -14*g**4/3 + g**2/2 + 11*g - 1. Give f(1).
-55
Let r(q) = -q**2 + 7*q + 6. Let w(a) = a**2 + 9*a - 3. Let k be w(-10). Give r(k).
6
Let f(o) = o - 71 - 74 + 145. Give f(-1).
-1
Let j(s) be the second derivative of -s**5/20 + s**4/6 + 4*s**3/3 - 7*s**2/2 - 74*s. Determine j(5).
-42
Let q(t) = 22*t + 31*t - 52*t + 1. Give q(-6).
-5
Let r(b) = b**2 - 6*b - 7. Let s be (-16)/(-12) + 2/(-6). Suppose 0 = 2*a - 8, 0*j + a + s = j. Let t be (10/6)/j*21. Give r(t).
0
Let k(q) be the second derivative of -q**4/12 + q**3/3 + 5*q**2/2 + 53*q. Determine k(5).
-10
Let d(h) = -h**3 + 8*h**2 - 8*h + 13. Let i be d(7). Suppose 3*j = -k - i + 28, -4*j = -3*k + 1. Let m(p) = 56*p + k - 57*p - 3. Give m(6).
-2
Let f(x) be the second derivative of x**8/6720 - x**7/420 + x**6/120 + x**5/60 - 37*x**4/12 - 31*x. Let p(w) be the third derivative of f(w). Determine p(5).
7
Suppose 0 = -4*a + 150 + 202. Let n = a - 85. Let g(l) = -l**3 + 2*l**2 + 4*l. Give g(n).
3
Let o = 20 - 15. Suppose 0 = -3*s + 5*r + 12, -4*r - 12 = o*s + 5. Let d(c) = -17*c**2 + 2*c + 1. Calculate d(s).
-18
Let b(c) = -15*c**3 - c**2 + 31*c - 14. Let v(w) = -7*w**3 + 15*w - 7. Let m(l) = -6*b(l) + 13*v(l). Suppose -35*f + 427 = 26*f. Calculate m(f).
7
Let b = -17 + 35. Let v(w) = -w + 9. Let k be v(5). Suppose -k*h + h - b = 0. Let z(t) = t + 6. What is z(h)?
0
Let s(l) = l - 14*l**2 - 11*l**2 + 28*l**2 + 5 + 2*l + l**3. What is s(-3)?
-4
Let y(k) = -2*k**2 + k + 3. Suppose -2*v - 2 + 6 = -5*b, 9 = -3*b - v. Calculate y(b).
-7
Let s(c) = -c**3 + 12*c**2 + c - 8. Let h = 576 - 564. What is s(h)?
4
Let n(z) be the first derivative of -z**3/3 + 2*z**2 + z - 47. Give n(6).
-11
Let b(x) = x**2 - 5*x + 11. Let n(k) = k**2 + 1. Let a(g) = -b(g) + 2*n(g). Let s be -9*(-2)/(-24) - ((-75)/(-12) - 0). Give a(s).
5
Let s(p) = -1333 - 9*p + 1341 + 2*p + p**2. Determine s(6).
2
Let o(b) = 2*b**2 - 8*b - 23. Let l(h) = -h**2 + 4*h + 11. Let i(y) = -9*l(y) - 4*o(y). Let t be i(6). Let u(v) = 17*v - 18*v - 16741 + 16752. Give u(t).
6
Suppose 0 = 9*s - 14*s + 15. Let p be 3/(2 + 2 - s). Let d(i) = 9*i + 20. Let o(n) = -3*n - 7. Let t(z) = -6*d(z) - 17*o(z). What is t(p)?
-10
Let j = -25 - -25. Let k(l) = -6*l - 4 + 2 + j + 4*l**2 - l**3 + 3*l**2. Give k(6).
-2
Let n(l) be the first derivative of 4/3*l**3 - 2*l + 13 - l**2. What is n(2)?
10
Suppose -12 = -5*l - 4*b, 2*l - 20*b = -16*b - 12. Let i(v) = -v**3 - v**2 - v - 10. Determine i(l).
-10
Let y(a) be the second derivative of -a**4/12 - 7*a**3/6 + 4*a**2 - 2*a - 14. Give y(-7).
8
Let l = -1054 + 1048. Let b(s) = -s**2 - 8*s - 7. Calculate b(l).
5
Let g(d) = -d**3 + 10*d**2 - 9*d - 6. Let b(x) = -17*x + 43. Let z be b(2). Give g(z).
-6
Let k(m) = m**2 - 6*m + 6. Let n be k(6). Let f(z) be the first derivative of 0*z - 1 - 1/2*z**2. Give f(n).
-6
Suppose 39 = 5*g + 4. Suppose -g*n - 1 = -8. Let c(t) = t. What is c(n)?
1
Let q(w) = -3*w + 2. Suppose 5*t - 5*f + 0*f - 25 = 0, -t - 2*f = -5. Let k(d) = 4*d - 3. Let g(v) = t*k(v) + 6*q(v). Suppose 0 = -l + 5 - 3. Determine g(l).
1
Let u(f) = 6*f**3 + 3*f**2 - 6*f + 3. Let y be u(1). Let d = -2 - -2. Let p(k) = d - 2 - k**2 + 9*k - 2*k. What is p(y)?
4
Let u(m) = 3*m**2 + 5. Suppose 0 = -j - 69 + 69. Determine u(j).
5
Let o(u) = 0*u + 6 - u**2 + 2 + 2*u - 6 + 0*u**2. Give o(-2).
-6
Let x(u) = u**2 - 3*u**2 + 13*u + u**2 - 17*u + 2. Calculate x(-5).
-3
Let y(i) = i - 7. Let j(c) = 3*c**3 + c. Let f be j(-1). Let z be (36/15)/(f/(-10)). Let a be y(z). Let n(k) = k**2 - k - 1. Calculate n(a).
1
Let i(n) be the third derivative of -1/6*n**4 + 0 + 1/60*n**5 + 12*n**2 + 0*n - 2/3*n**3. Give i(5).
1
Let b = 22 - 18. Let t(v) be the first derivative of v**4/4 - 5*v**3/3 + v**2 - 2. Give t(b).
-8
Let k(h) = -3*h - 26. Let q(f) = f + 3. Let z(b) = k(b) + 6*q(b). Determine z(6).
10
Let v(f) = -3*f**3 + 6*f**2 - f + 7. Let d(o) = 4*o**3 - 7*o**2 + o - 8. Let p(g) = 2*d(g) + 3*v(g). Let x be (-17)/(-4) - (-3)/(-12). What is p(x)?
1
Let s(a) = -8*a**2 - 2*a - 108*a**3 + 107*a**3 - 11 - 3*a**2. Calculate s(-11).
11
Let u(a) be the first derivative of 5*a**2/2 - 2*a - 45. What is u(-3)?
-17
Let z(y) be the third derivative of -y**9/6720 - y**8/20160 + y**6/720 - y**5/10 + 10*y**2. Let u(x) be the third derivative of z(x). Determine u(1).
-9
Let c(a) = a**2 + 6*a. Suppose -3*p + 4 = -p + 4*v, 5*p = -4*v + 28. Let r(m) = m**3 - 9*m**2 + 8*m - 8. Let x be r(p). What is c(x)?
16
Let r(f) = -3*f - 4. Let u(a) = 39*a + 27. Let n(c) = 12*r(c) + u(c). Calculate n(8).
3
Let k(n) = -5*n**2 - 18*n + 23. Let h(l) = -3*l**2 - 12*l + 15. Suppose 2 - 42 = -5*t. Let b(i) = t*h(i) - 5*k(i). Calculate b(4).
-3
Let a(j) = -j**2 + j - 1. Let x(o) = -6*o**2 + 2*o - 9. Let s(n) = 5*a(n) - x(n). Determine s(-5).
14
Let p(v) be the third derivative of v**6/120 - 7*v**5/60 + 7*v**4/24 + v**3/2 + 2*v**2. Suppose 10*a - 42 = 3*a. Calculate p(a).
9
Let a(p) = -p**3 + p**2 + p. Let q(r) = -r**3 + 3*r**2 + 3*r - 1. Let b(y) = 2*a(y) - q(y). Suppose 6 = -4*n + 2*k, 7*k - 6*k - 1 = 4*n. Determine b(n).
-2
Let v(j) = -385*j + 189*j + 189*j + 7. Calculate v(2).
-7
Let h = 21 - 17. Suppose 3*n = 0, -3*w + 2 = h*n + 5. Let f(k) = 3*k**3 - 2*k - 1. Give f(w).
-2
Let s(b) = -b**2 - 5. Let f(m) = -3*m**2 - m - 19. Let i(p) = 2*f(p) - 7*s(p). Calculate i(5).
12
Let j(b) be the second derivative of b**5/20 - 3*b**4/4 - b**3 - 31*b**2/2 + 400*b. What is j(10)?
9
Let t(u) be the third derivative of -u**7/5040 + u**6/144 + u**5/30 + 2*u**2. Let z(c) be the third derivative of t(c). Calculate z(0).
5
Let i(m) = 5*m**2 - 13*m - 49. Let a(u) = 3*u**2 - 6*u - 25. Let f(b) = 7*a(b) - 4*i(b). Give f(-7).
0
Let u(z) = z**2 + 1. Let d(w) = 4*w + 10. Let h be d(-2). Suppose -78*v + h = -77*v. Calculate u(v).
5
Let t(o) = 16*o**3 - 4 + 2*o - 6*o**2 + 3 - 15*o**3. Let k = 7 - 2. Determine t(k).
-16
Let z(